at is the highest common divisor of 5 and d?
5
Suppose 9*f - 6 = 7*f. Suppose 0 = -f*l + l + 2. What is the highest common factor of l and 4?
1
Let v(p) = p**2 + 3*p - 6. Let u be v(-5). Suppose 0 = 3*y - 0*y. Suppose -4*g + y = -u. Calculate the greatest common factor of 8 and g.
1
Suppose -48 = -2*z + 62. Suppose 3*g - 38 = 2*g - 4*t, 0 = -4*g + 2*t + 80. Calculate the greatest common factor of g and z.
11
Let m(j) = -2*j - 3. Let n = -23 + 19. Let s be m(n). What is the highest common divisor of 10 and s?
5
Suppose -3*n + 8 = -4. Let l(o) = 43*o + 1. Let w be l(1). Calculate the highest common divisor of w and n.
4
Suppose -16*b + 11*b - 25 = 0. Let q be 1 - (b + -4 + 2). What is the highest common factor of 2 and q?
2
Let s(l) = -l**3 - 6*l**2 + 5*l - 4. Let n be s(-7). Suppose 0 = 2*i + 3*c + n, -5*i - 3 + 12 = -c. What is the greatest common factor of i and 4?
1
Let u = -142 + 275. Suppose -3*h = -0*h - 57. Calculate the highest common divisor of h and u.
19
Suppose -n = 3*n - 4*o - 44, -4*o + 4 = 0. Let d be -37*(-6)/9*3. Suppose 4*u - 362 = -d. Calculate the greatest common factor of n and u.
12
Suppose -75*z + 45 = -72*z. What is the highest common divisor of 30 and z?
15
Let h = -57 + 34. Let p = h + 33. Calculate the greatest common divisor of 10 and p.
10
Let p be 1 + 0 + 148/4. Suppose -4*m - i = 2*i - p, 4*m = 4*i + 52. What is the greatest common divisor of m and 121?
11
Suppose 3*i - 3*n = 381, -3*n + 3 = -6. Calculate the greatest common factor of i and 26.
26
Let z(t) = -t**2 - 5*t + 2. Let s(b) = b - 1. Let m(u) = -3*s(u) - z(u). Let g be m(-3). What is the highest common divisor of g and 1?
1
Let y be 16 + -4*1/(-4). Let s(h) = 21*h**2 - 2. Let x be s(3). What is the highest common divisor of y and x?
17
Suppose 5*b = -3 - 2, 27 = r - b. What is the greatest common factor of r and 117?
13
Suppose -g - 3*j = -3*g + 73, -4*g = 5*j - 113. Calculate the greatest common factor of 16 and g.
16
Let r(m) = 0 + 5 - 4 - 9*m + 3 - m**2. Suppose -20 = -u + 4*u - 4*f, 0 = 5*u + 5*f + 45. Let a be r(u). What is the greatest common divisor of a and 12?
12
Suppose 0 = -2*x + 4, 21 = -3*n - 3*x. Let g(q) = -q + 5. Let p be g(n). Calculate the greatest common factor of 56 and p.
14
Suppose 306 - 255 = 3*t. Suppose -3*v = 2*v + 5. Let y be (0 - (2 - 88)) + v. What is the highest common divisor of y and t?
17
Let t(g) = 56*g - 2. Let z be t(1). Calculate the highest common factor of 36 and z.
18
Suppose -5*o + 5*y = 120 - 515, -4*y = 0. Suppose 4*w - w = 3*f - 177, f - o = -3*w. Suppose 5*q = q + f. Calculate the highest common divisor of 128 and q.
16
Suppose -3*p + f + 39 = -2*f, 58 = 5*p + 2*f. Suppose p = -z + 2*z. Calculate the highest common divisor of 48 and z.
12
Let g = 0 + 1. Let t be g*3/1 - 1. Suppose 0*m - 5*m + 10 = 0. What is the greatest common divisor of m and t?
2
Let k = 3 + -3. Suppose y + k*y = 0. Suppose y*j = 2*j - 16. What is the highest common factor of 56 and j?
8
Let c = 101 - 61. What is the greatest common divisor of c and 20?
20
Suppose -3*t = 15, -23 = -p + 3*t - 6. Let o(j) = -12 + 8*j - j**2 + 6 + 2. Let w be o(6). Calculate the highest common factor of w and p.
2
Let z be 26/(144/320 + (-1)/5). Calculate the highest common divisor of z and 13.
13
Let t(c) = 2*c + 2. Let f be t(1). Let r(o) = o**2 - 9*o + 10. Suppose 0*l = -4*l + 32. Let n be r(l). Calculate the highest common factor of n and f.
2
Suppose -n + 10 = 4*n. Suppose n*l + t = 19, -8 = -l - 0*l - t. Calculate the highest common factor of 99 and l.
11
Let a be -1 - (116/(-4) - -4). Calculate the highest common factor of 168 and a.
24
Let u = 4 - 2. Suppose 4 = -a + u*a. Suppose 3*m + 36 = 4*w + w, a*w = 4*m + 24. Calculate the highest common factor of w and 72.
9
Let y be (-4)/(2/(-5 - -3)). Let b be 9/(-14)*y*-14. What is the highest common factor of 12 and b?
12
Let o be (-3)/(1 - (-614)/(-608)). What is the greatest common factor of 38 and o?
38
Let q = -9 + 45. Calculate the highest common factor of 90 and q.
18
Let p(x) = 2*x - 2. Let s be p(4). Calculate the highest common factor of 48 and s.
6
Suppose -2*t = -h + 2*t + 80, -2*h + 2*t = -160. Suppose 0 = -5*z + 13 + 7, 116 = -2*o + 3*z. Let p = o + h. Calculate the highest common divisor of p and 14.
14
Let o(v) = v**3 + 17*v**2 - 2*v - 17. Let d be o(-17). Calculate the greatest common divisor of 68 and d.
17
Suppose -m = 5*l + 8, 0 = -l + 3*m - 7 - 1. Let j(b) = 15*b**2 - 4*b - 3. Let n be j(l). Calculate the highest common divisor of 26 and n.
13
Suppose -1631 = -7*r - 406. Let t = 237 - 167. Calculate the highest common divisor of r and t.
35
Let d(b) = -b**2 + 4*b - 1. Let z(j) = -23*j - 1. Let g be z(-1). Let p be (-2)/3 - g/(-6). Let u be d(p). What is the greatest common factor of 14 and u?
2
Let q(i) = i**3 - 9*i**2 - 9*i - 1. Let b be q(10). Calculate the greatest common factor of b and 27.
9
Suppose -25 = -5*p - 5*a, 2*p + 2*p + a = 20. Let f(n) = -n + 3. Let o be f(p). Let x be -1 + (-87)/(-1 + o). What is the greatest common divisor of 4 and x?
4
Let j(t) = -t - 2. Let b(g) = 2*g + 12. Let w be b(-8). Let k be j(w). Let s be k/3 - 650/(-15). What is the greatest common factor of 11 and s?
11
Suppose 0 = 3*o - 3*m - 477, -2*o + 5*m = -7*o + 815. Calculate the highest common divisor of 23 and o.
23
Let h(g) = -g**2 + 13*g - 12. Let i be h(10). Calculate the greatest common factor of i and 27.
9
Let y(x) = -x**3 - 5*x**2 + 11*x + 14. Let k be y(-7). Calculate the highest common factor of 5 and k.
5
Let t be -45*2/(-1 - 1). Suppose 0 = -n + 4*n - t. Suppose 0 = v + 3*v + 5*s - 22, v + 4*s = 11. Calculate the highest common divisor of n and v.
3
Let r be (-6)/2 + (-13 - -27). What is the greatest common divisor of r and 77?
11
Suppose 5*n = -3*g + 8*g - 40, 5*g = -2*n + 5. What is the highest common factor of 27 and g?
3
Suppose 0 = -i - i + 38. Let g = i - 13. Let u(y) = -y**2 + 11*y - 9. Let f be u(g). What is the greatest common divisor of 105 and f?
21
Suppose 138 = -0*d + 2*d. Calculate the greatest common factor of 46 and d.
23
Let r = 9 - 11. Let k be r + 0 + 2 + 3. Calculate the greatest common divisor of k and 21.
3
Suppose -32 = -x - 2. What is the greatest common factor of 75 and x?
15
Let w(t) = 3*t - 2. Let g be w(2). Let y be 30/4*(-2 + g). Calculate the highest common factor of 120 and y.
15
Let w = 25 + -18. Let c be w + -1 + 2 + -3. Let s be -1*(-30)/4*2. What is the highest common factor of c and s?
5
Let y be -1*(1 + 0) + -2. Let r = 0 - y. Calculate the highest common factor of r and 3.
3
Suppose 2 = -2*r + 4*b, -r + 4*b = -0 + 1. Let q be (-6)/((0 + r)*1). Calculate the greatest common divisor of q and 12.
6
Let a = 19 + 8. Calculate the greatest common divisor of 18 and a.
9
Let j(m) = -m**2 + 10*m + 11. Let f be j(6). Calculate the greatest common factor of 14 and f.
7
Suppose -1 = t, c + 3*t + t - 61 = 0. What is the highest common factor of c and 13?
13
Let l(o) = 3*o - 30. Let r be l(13). Calculate the greatest common factor of r and 3.
3
Suppose -18 = u + 92. Let b be (1/1)/((-2)/u). Calculate the greatest common divisor of b and 22.
11
Let w = -50 - -87. What is the highest common divisor of w and 148?
37
Let f = -8 + 10. Suppose r = f*r. Let b(p) = p + 51. Let j be b(r). Calculate the greatest common factor of 17 and j.
17
Let k be ((-6)/(-5))/((-2)/(-5)). Let i be 4/k + (-2)/6. Let h(a) = -a**3 - 5*a**2 + 6*a + 4. Let t be h(-6). Calculate the greatest common divisor of i and t.
1
Let o(y) = y + 9. Let w be o(-7). Suppose 0 = -3*h - 2*h + 40. What is the greatest common divisor of w and h?
2
Let u(v) = v**2 - 7*v + 8. Let c be u(8). Calculate the greatest common divisor of 80 and c.
16
Suppose 2*o = -4*y + 22, 2*y - 4*o + 2*o - 20 = 0. Calculate the greatest common factor of y and 49.
7
Suppose 0*s + 365 = 5*s. Let f = s - 48. Let i = -7 + f. What is the greatest common divisor of i and 90?
18
Let x be (-40)/12*3/(-2). What is the highest common divisor of x and 5?
5
Let v = 1445 + -920. Suppose v = 4*o + o. Suppose -w + o = 17. What is the greatest common factor of 11 and w?
11
Suppose 0 = -4*m + 30 + 10. Let g be 26 - 1/2*-2. Let c = g - -3. Calculate the highest common divisor of m and c.
10
Let f(o) be the second derivative of -o**5/20 - 2*o**4/3 - 